 + d. Calculate the highest common divisor of u and 77.
11
Suppose -6*t = -8*t - 3*j + 75, 2*j = -6. Calculate the highest common factor of t and 1134.
42
Let x(v) = -19*v - 16. Let f be x(-3). What is the highest common factor of 164 and f?
41
Let o(p) = -p**2 + 9*p + 16. Let j be o(10). What is the greatest common factor of 12 and j?
6
Suppose 21*t - 539 = 1015. Calculate the highest common factor of 37 and t.
37
Suppose 5*k + 0*o - 4*o - 85 = 0, -2*k - 2*o + 16 = 0. Let q(u) = 2 + k*u + 21*u + 2 - 3. Let b be q(2). What is the highest common divisor of 23 and b?
23
Let f(p) = -p**3 + 24*p**2 + 26*p - 20. Let j be f(25). Suppose 4*g = 2*c + 14 + 52, -4*g + 51 = 3*c. Calculate the greatest common factor of j and g.
5
Suppose u + 5 = 0, -8*u - 1140 = -5*l - 5*u. Calculate the highest common factor of 45 and l.
45
Let k(y) = y - 22. Let f be k(20). Let u be (3 - (-1)/(4/(-114)))*f. What is the highest common factor of u and 34?
17
Let w = 8 + 19. Suppose 0 = 5*l + 4*n - 72, -3*n + w = 4*l - 30. What is the greatest common factor of 30 and l?
6
Suppose 13*q - 16720 = -6*q. What is the highest common factor of 55 and q?
55
Suppose 199 = 21*p + 73. Suppose -4*t = -t - 27. Calculate the highest common factor of p and t.
3
Let x(a) = a**2 - 2*a - 27. Let m be x(6). Let u be (-3)/(0 + 3 + m + -3). Let d = -10 - -15. What is the greatest common factor of u and d?
1
Let v = -321 - -372. What is the highest common divisor of v and 3?
3
Suppose 4*p = -2*x + 1602, -25*p + 4*x + 1229 = -22*p. Calculate the highest common factor of 52 and p.
13
Let z be (-124)/(-3) + (-6)/(-9). Let l be ((-35)/(-45)*6)/(1/99). Calculate the highest common divisor of z and l.
42
Suppose 0 = 3*t - l - 370, -5*t - 18*l + 14*l = -628. What is the greatest common divisor of 186 and t?
62
Let a = -83 - -87. Calculate the highest common factor of 1 and a.
1
Let y = 32 + 24. Let u(q) = q**2 + q - 1. Let s be u(1). Let t be s/(-4) - 171/(-12). Calculate the highest common factor of y and t.
14
Let d be 4/(-10) + (-104)/(-10). Let r = -7571 + 7761. Calculate the greatest common divisor of d and r.
10
Let b = 3 - -1. Suppose 2*m = -5*s + 4*s + 37, 4*s = -b*m + 72. Let k = 32 - 13. What is the greatest common divisor of k and m?
19
Let o(a) = a**3 - 5*a**2 - 14*a + 7. Suppose 10*v = 13*v - 21. Let y be o(v). Calculate the highest common factor of 63 and y.
7
Let g = -863 - -908. Calculate the highest common divisor of 90 and g.
45
Suppose 324 = 4*s - 468. Let f be (284/(-6))/(2/3). Let m = f + 93. Calculate the highest common divisor of s and m.
22
Let s(k) = 7*k**2 + 12*k - 11. Let i be s(1). What is the highest common divisor of i and 40?
8
Let h = 557 - 344. Calculate the greatest common factor of 6 and h.
3
Let w be -6 - (76/28 - (-2)/7). Let q be (-2)/(((-3)/w)/((-7)/2)). Calculate the greatest common factor of 63 and q.
21
Let m = 42 - 18. What is the greatest common factor of m and 64?
8
Suppose 0 = -5*y + 39 + 61. Suppose -5*z + 65 = -4*z + 5*u, -y = -5*u. What is the highest common factor of 15 and z?
15
Suppose -5*q = 2*o - 29 - 10, 0 = 4*q - 5*o - 18. Let s = 0 + q. Let c be (28/8)/(2/28). What is the highest common factor of s and c?
7
Let g = 51 + -24. Suppose -367*f + 350*f = -1377. What is the greatest common divisor of g and f?
27
Let k(p) = -2*p**2 - 121*p + 501. Let f be k(-61). Calculate the greatest common factor of 280 and f.
40
Let x(w) = w**2 - 3*w - 12. Let m(f) = -f**3 + 5*f**2 - f - 3. Let a be m(4). Let r be x(a). What is the highest common factor of r and 7?
7
Let y be (-8)/2*(-5)/2. Let v = -4 + y. Let x be 68/10 + 42/35 + -2. Calculate the greatest common factor of v and x.
6
Let i(l) be the third derivative of 1/6*l**3 + 5*l**2 + 0 + 0*l + 11/60*l**5 - 1/12*l**4. Let p be i(1). What is the greatest common factor of p and 80?
10
Let l = 48 - 61. Let p = 49 + l. What is the highest common divisor of p and 24?
12
Suppose -3*s = -106 - 251. Let f = 79 + -113. Let h be (-14)/(-7)*f/(-4). What is the greatest common divisor of h and s?
17
Let i(d) = 7*d**2 + 4*d + 3. Let h = 35 + -36. Let o be i(h). What is the highest common divisor of 66 and o?
6
Let v(b) = b - b + 2*b**2 + 1 - 2*b - b**2. Let n be v(-3). Suppose 0 = -2*j + 4*s + 268, 4*j - 5*s = 177 + 350. What is the highest common divisor of n and j?
16
Suppose -32*s + 1029 = -2651. What is the greatest common divisor of s and 46?
23
Let u = 8 - 12. Let c be -2 - -5*u/(-2). Let j = -585 + 673. Calculate the greatest common factor of j and c.
8
Let l be 1*(2 + -3 + -1). Let s be l*((-315)/(-6))/7. Let n = 36 + s. Calculate the greatest common divisor of 7 and n.
7
Suppose -204 = -5*b - b. Calculate the highest common divisor of 17 and b.
17
Let a be (112/12)/7*3. Let h be a/26 - 356/(-52). Calculate the highest common divisor of 28 and h.
7
Let q = 15 + -8. Let n = q - 2. Suppose 4*g = n*s - 3*s - 40, 10 = 3*s + 4*g. Calculate the highest common factor of 4 and s.
2
Let s = 878 + -743. Let a(x) = -x**3 - 2*x**2 - 7*x - 6. Let c be a(-4). What is the greatest common divisor of c and s?
27
Let s be 14/(1/(-6 + 10)). Calculate the greatest common factor of s and 49.
7
Let f(d) = d**2 + 7*d + 7. Let z be f(-6). Let s be 51/(z*(-3)/(-2)). What is the greatest common divisor of s and 51?
17
Let m(c) = -3*c - 19. Let d = 162 + -171. Let x be m(d). Let u(j) = j**2 + j + 4. Let i be u(0). Calculate the highest common divisor of x and i.
4
Let p be (1/2)/((-38)/(-1140)). Let k = 19 - 13. Calculate the highest common factor of p and k.
3
Let g = -23 + 25. Suppose 0 = k - g - 0. What is the greatest common divisor of 3 and k?
1
Let f(n) = -n**3 - 10*n**2 + 18*n - 20. Let y be f(-12). Calculate the greatest common factor of 8 and y.
4
Let c be -2 - 1 - -2*(-55)/(-10). Calculate the greatest common factor of c and 1304.
8
Let d = 16 - -2. Let h be -4*(d/5)/(15/(-75)). Calculate the greatest common factor of 24 and h.
24
Let g = 4 - 0. Suppose 0 = 4*l - g*m - 76, 4*l - 2*m - 41 = -5*m. Suppose -4*a - 3*k + 49 = 9, -4*k = a - 23. What is the highest common factor of l and a?
7
Let b be (5 - 5)*2/(-4). Suppose b = -3*d + 24. What is the highest common factor of d and 20?
4
Let k be 2*3/(-8) - (-107)/4. Suppose b + n = -b + k, 5*n - 70 = -5*b. Suppose i - 1 = 0, -3*i = -2*w + 2 + 31. Calculate the highest common divisor of w and b.
6
Let f be -1 + (-5)/(5/(-6)). Let t(i) = i**3 + 5*i**2 + i - 7. Let w be t(-4). Calculate the highest common factor of w and f.
5
Suppose c + 8 = 26. Let g = c - 13. Let b(i) = -i + 10. Let y be b(g). What is the greatest common divisor of 40 and y?
5
Let x = -62 - -69. What is the highest common factor of 56 and x?
7
Let b = 138 + 269. Calculate the greatest common divisor of b and 111.
37
Let c = 667 + -355. Let q(d) = 15*d - 21. Let m be q(4). What is the highest common factor of c and m?
39
Suppose p + 3*p + 20 = 0. Let o(i) = i**3 + 5*i**2 - i - 1. Let v be o(p). Let b be (-8)/(-36) + (-70)/(-9). What is the highest common factor of v and b?
4
Suppose 0*x = 3*u + x + 1, -5*x = u + 5. Suppose 11*t + u*t - 33 = 0. What is the highest common divisor of 27 and t?
3
Suppose 24 = -97*z + 100*z. What is the highest common factor of z and 8?
8
Suppose -42*k + 48*k - 378 = 0. What is the greatest common divisor of k and 18?
9
Let z be 3/6*-10*616/(-20). Calculate the highest common factor of z and 22.
22
Let h(u) be the first derivative of 128*u**3/3 + 3*u**2/2 - 3*u - 33. Let w be h(1). What is the highest common factor of w and 16?
16
Let z be (-4)/(6/(-44*6)). Let b be (-6)/(-4)*(-968)/(-66). What is the greatest common factor of b and z?
22
Suppose -14*v + 2975 = -9*v. What is the greatest common factor of 170 and v?
85
Let j be (8/(-12))/((-1)/3). Suppose -5*m = 4*w - 727, -j*m = -4*w - 41 - 261. What is the greatest common divisor of m and 21?
21
Suppose n = 245 - 223. Calculate the highest common divisor of 803 and n.
11
Let v(q) = 12*q**2 - q - 1. Let o be v(-1). Let a be 8*3*o/9. Let j be ((-14)/(-21)*-9)/((-27)/12)*18. Calculate the highest common factor of j and a.
16
Let c = 26 + -6. Suppose 0 = 5*n - 4*n, 3*n = 5*j - c. Suppose 4 = -g, -2*g = -5*q - j*g + 42. What is the greatest common factor of q and 110?
10
Suppose 14*r - 18*r - 2*k + 1812 = 0, -r + 435 = -4*k. What is the highes